 Give n(24).
2
Let k be (-6 + 16/4)/(-1). Suppose h + 15 = 6*h. Let y(f) = 4*f**2 - 9*f**2 - f**h + 4*f**k + 0 - 2. Calculate y(0).
-2
Suppose p + 3*g + 5 = 0, -15 = -5*p + 4*g + 17. Let i(z) = z**2 - 4*z - 1. Give i(p).
-1
Let o(i) = 20 - 6*i + 12 - 32. What is o(3)?
-18
Let m = 154 - 118. Let q(n) = -38 + n + m - 2*n. What is q(-7)?
5
Let k(z) = z**3 + 6*z**2 + 6*z + 7. Suppose -25 = -165*u + 170*u. Give k(u).
2
Let b(k) = k**2 + 9 + 12 - 2*k**2 + 26. Let u be b(7). Let z(m) = 10*m - 1. Determine z(u).
-21
Let n(t) = t**3 + 3*t**2 + t + 2. Suppose -2*m + 2 = 2*u - 0, 2*m - 14 = 2*u. Let r be (-6)/(-8) + (-15)/m. Give n(r).
-1
Let x(s) = s**3 + 3*s**2 - s + 5. Let f = -104 - -100. Give x(f).
-7
Let g(i) = i**2 - 6*i + 5. Let f be g(6). Let l(p) be the second derivative of -p**5/20 + p**4/2 - p**3 + 7*p**2/2 - p + 1. Determine l(f).
2
Suppose -h - 2 = h. Let p(c) = -c + c - 20*c**3 + 0*c. Give p(h).
20
Let x(t) be the third derivative of 1/60*t**5 - 11*t**2 + 0 + 3/2*t**3 - 3/8*t**4 + 0*t. Give x(7).
-5
Let t(x) be the first derivative of 1/3*x**3 - 1/2*x**2 - 3*x - 55. Suppose -o = o - 6. Calculate t(o).
3
Let t be 11 + 1 + -2 + 2. Let j = -8 + t. Let k(d) = 6*d + 35*d**2 + d**3 - 29*d**2 - 11*d**2 + 0*d. What is k(j)?
8
Let u(p) = p**2 + p - 97. Let a be u(9). Let o(n) = -2*n + 0 - 1 + n**2 + 8*n. Give o(a).
6
Let r(z) = z. Let f(v) = v**2 - 4*v - 6. Let x be f(6). Suppose -24 = 3*t - x. Determine r(t).
-6
Let x(a) = 6*a - 11. Let d(o) = 7*o - 16. Let m(g) = -5*d(g) + 6*x(g). Calculate m(-13).
1
Let x = -256 - -266. Let z(l) = l**3 - 11*l**2 + 12*l - 22. Give z(x).
-2
Let d(s) = -7*s**2. Suppose -51*f + 17 = h - 47*f, 2*f - 5 = 3*h. Determine d(h).
-7
Let b(n) = n**3 + 6*n**2 + 5*n. Suppose -2*r = w + 18, 5*w + 56 = w - 4*r. Let p be w + 8 + (7 - 1). Suppose -8 - 8 = p*m. Give b(m).
12
Let g(y) be the first derivative of y**5/120 + y**4/12 - y**3/3 + 11. Let o(i) be the third derivative of g(i). Calculate o(0).
2
Suppose -3*c + 12 = -3*j, 2*j = -4*c + 7*j + 16. Suppose -2*s - c = 0, -36 = -4*t + 5*s - 6. Let n(y) = -4 + 29*y - 21*y - 1 - 2*y**2 + y**2. What is n(t)?
10
Let y(i) = 4*i + 2. Let w(x) = x**3 + 13*x**2 + 35*x - 13. Let q be w(-9). Give y(q).
-14
Let r(k) = -4. Let f(v) = v + 2. Let x(b) = -3*f(b) - r(b). Calculate x(-7).
19
Let f(h) be the second derivative of h**3/6 + 5*h**2/2 - 2*h. Let s be 8/8 + (-4)/(-2). Suppose s*j = 2*j. Determine f(j).
5
Let b(d) = 7*d**3 - 3*d + 2. Let s(a) = 15*a**3 + a**2 - 6*a + 4. Let t(z) = 5*b(z) - 2*s(z). Determine t(2).
28
Let f(t) = 666*t**3 + 3*t - t - 667*t**3 + 5*t**2 - 3*t - 3. Determine f(3).
12
Let g(u) = -4*u**2 + 10*u - 7. Let f(c) = c**2 - c + 1. Let o(a) = -6*f(a) - g(a). Let s(n) = 2*n**3 + 32*n**2 - 212*n - 45. Let i be s(-21). Calculate o(i).
-5
Let p(o) = o**2 + 9*o + 8. Let w = -43 + 43. Let h = -6 - w. Calculate p(h).
-10
Let c(o) be the third derivative of o**4/12 + 7*o**3/3 + 161*o**2. What is c(-6)?
2
Let k = -70 - -73. Let q(j) = 10 - j - k*j - 11 - j**2 - 2*j. Calculate q(-6).
-1
Let x = 12 - 4. Let t(w) = -9*w + 145 - 710*w**2 - 137 + 711*w**2. Give t(x).
0
Let f(g) be the third derivative of 0*g + 0 + 0*g**4 - 1/120*g**6 - 1/20*g**5 + 1/6*g**3 + 35*g**2. Calculate f(-2).
-3
Let z(n) be the second derivative of n**4/6 - n**3 - n**2 + 13*n. Give z(5).
18
Let d(u) = -2*u - 3. Suppose 17*q + 28*q = -45. Give d(q).
-1
Suppose -5*n = 2*q - 7, q = 5*n - 34 + 30. Let h(a) = 8*a**3 - 2*a**2 - a + a**2 + 1 + 0*a**3. Give h(n).
7
Let k(h) be the second derivative of -h**5/20 + 13*h**4/12 + 7*h**3/3 - 9*h**2/2 - 334*h. Give k(14).
-9
Let t(y) be the second derivative of y**3/6 - 7*y**2/2 - y - 168. Determine t(17).
10
Let p(d) = 5*d + 5. Let s be 1*(-2)/4*0. Calculate p(s).
5
Let p(b) = -b**3 - 7*b**2 + 5*b - 8. Suppose -9 + 75 = 11*k. Suppose 3*o = 5*q - 24, -4*q = -k*q. Calculate p(o).
16
Let d(r) = -r**2 + r + 2. Let q(u) = 1 + 23*u**2 - 22*u**2 - 4 + 2*u - 3*u. Suppose 6 = 4*k + 18. Let m(o) = k*q(o) - 4*d(o). Calculate m(1).
1
Let m be 5*(-8)/(-60)*129. Let d = 84 - m. Let r(y) = 12*y. What is r(d)?
-24
Let f(w) be the third derivative of -1/6*w**4 + 0*w + 0*w**3 - 1/60*w**5 + 0 - 13*w**2. Give f(-6).
-12
Let i(w) = -2*w**3 - 15*w**2 - 2*w + 15. Let v(h) = h**3 + 7*h**2 + h - 7. Let a(t) = -6*i(t) - 13*v(t). Let f be (1/(-2) - -1 - 25/(-10)) + -5. Determine a(f).
7
Suppose 6*f - 699 = 1473. Let p(g) = 2*g**2 + 2*g - f + 2*g**3 - g**3 + 365. Let w(n) = -n + 4. Let c be w(6). Calculate p(c).
-1
Let p(q) = -13*q**2 + q - 1. Let u(o) = o**2 + 8*o + 6. Let l be u(-7). Let m = 0 - l. Calculate p(m).
-13
Let c(d) = 11 - 13 + 8 - 2 - d. Let p(f) = -f**2 - 4*f. Let s be p(-4). Give c(s).
4
Let t(l) = 15*l**2 + l + 1. Let m be t(-1). Let z be (-2)/(-10) + (-117)/(-15). Let h(x) = -m*x + z*x + 4*x - 3. Calculate h(-2).
3
Let h(i) = -i**2 - 9*i - 6. Let p(m) = -2*m**2 - 15*m. Let x be 30/5*(-1)/((-6)/(-8)). Let a be p(x). Determine h(a).
2
Let f(i) = 3*i + 9. Let j(a) = -2*a**2 - 55*a - 37. Let t be j(-27). Calculate f(t).
-21
Let m(g) be the first derivative of 2*g**3/3 + 3*g**2/2 - 8*g + 244. Determine m(4).
36
Let h(w) be the first derivative of 0*w + 6 + w**2 - 2/3*w**3. What is h(3)?
-12
Let v(a) = -3*a**3 - 10*a**2 + 3*a + 12. Let n(s) = -2*s**3 - 9*s**2 + 2*s + 11. Let x(u) = -4*n(u) + 3*v(u). Calculate x(6).
-2
Let t be 7*(-3 + (-92)/(-28)). Let m be (16/48)/((-2)/(-6)). Let i(p) = m - 5 + 6 - 3*p - 2*p. What is i(t)?
-8
Suppose 0 = 5*f + 5 + 55. Suppose i - 26 = 3*d, -3*i - d - 27 = -5*i. Let b = f + i. Let u(v) = 11*v + 1. Determine u(b).
-10
Let i(u) = u**2 + 10*u + 9. Suppose 12 = -k + l - 0*l, 4*l - 57 = 5*k. Give i(k).
0
Let x = 13897/24 + -579. Let r(i) be the third derivative of 5*i**2 + x*i**4 + 0*i + 0 + 7/60*i**5 - 1/6*i**3. What is r(1)?
7
Let y(h) = -3 + 2 - 6 + 75*h - 74*h - 4. Give y(17).
6
Suppose -9 = 3*y + 4*h - 3, 3*y - 3*h + 6 = 0. Let f(j) = -19*j - 1. Let z(a) = -2*a. Let w(s) = y*f(s) + 18*z(s). Calculate w(-3).
-4
Let x(n) be the second derivative of -n**5/20 - n**4/3 - n**3/6 - 2*n**2 + 93*n. Give x(-3).
-10
Let k(l) = 4*l**2 - 20*l + 7. Let n(f) = -7*f**2 + 36*f - 13. Let c(z) = 5*k(z) + 3*n(z). Give c(5).
11
Suppose 0 = -3*p + 15, 3*a + 4*p + 20 = 8*a. Let q(g) = 4*g + 3*g - a*g. Determine q(-4).
4
Let w = 7 + -6. Let g be 4*5/(w + 0). Let a = g - 19. Let l(v) = 6*v**3 + v**2 - v + 1. Give l(a).
7
Let i(a) = -a + 5. Let p be i(5). Suppose d = 3 - p. Let o(s) = 6*s - d - s**3 - 3 + 1 - 2*s**2 + 6. Calculate o(-4).
9
Let z(j) = 13*j - 2*j - 8*j. Let u = -408 + 413. Give z(u).
15
Let s(a) be the first derivative of a**3/3 + a**2 + 3*a + 63. Give s(-2).
3
Suppose 3*v + 30 = -2*v. Let m(u) = 10 + 7*u + 2*u**2 - 5 + u**3 + 6*u**2 - u**2. Determine m(v).
-1
Let b be (-28)/28*(7 + 1). Let r(v) = -v**2 - 10*v + 4. What is r(b)?
20
Suppose 0 = -4*i - 8 - 0. Let y(v) = -v**3 - 10*v**2 - v - 8. Let s be y(-10). Let h(o) = -o**s - 4 - 71*o + 7 + 74*o. Determine h(i).
-7
Let s = 96 - 86. Let o(p) = 2*p - 13. Calculate o(s).
7
Let i(n) = -n**2 + n + 7. Let p be i(-3). Let z(a) = a. Let r(l) = 1. Let c(v) = p*r(v) - 4*z(v). What is c(-2)?
3
Let o(z) = z**3 + 6*z**2 + 4*z + 2. Let w(q) = -q**3 + 5*q**2 - 5*q + 1. Let v be w(4). Let y be 1*(-8 + (0 - v)). Determine o(y).
7
Suppose k - 4*d = -26, 50 = -4*k + 4*d - 18. Let m be (-26)/(-91) - 150/k. Suppose 0 = -m*f + 8*f - 18. Let j(b) = -3*b - 7. What is j(f)?
11
Suppose -5*w = -11 - 4. Let x(y) = 0*y**2 - y - w*y**2 + y**3 + 3*y + 0*y. Determine x(3).
6
Let p = -21 + 37. Let b(i) = i**2 + 16*i + 43. Let q be b(-7). Let w = p + q. Let v(x) = -x**2 - 4*x + 3. What is v(w)?
3
Let j(v) be the second derivative of 8*v + 1/180*v**6 + 0*v**3 + 0*v**5 + 0 - 1/3*v**4 + 0*v**2. Let z(b) be the third derivative of j(b). Give z(-1).
-4
Let m(j) be the third derivative of j**6/120 + j**5/10 + 5*j**4/24 + 5*j**3/6 + 45*j**2 - 1. Determine m(-5).
5
Let d(h) = 2*h + 17. Suppose -8*f + 5*f - 2*k = 31, -5*f - 15 = -4*k. Determine d(f).
3
Let u(h) = 3*h - 3. Let p be (-68 - 19)*2/6. Let d = 33 + p. Give u(d).
9
Let n(a) be the third derivative of a**4/6 + 3*a**3/2 - 18*a**2. Suppose 5*d = 2*b + 4 - 44, -4*d - 49 = -5*b. Give n(d).
-15
Let r(u) = 4 + 2*u**3 - 2*u**3 - 15*u + 13*u**2 - 2*u**3 - u**3 + 4*u**3. What is r(-14)?
18
Let p(a) = 